{"id":318,"date":"2015-03-12T00:24:49","date_gmt":"2015-03-11T22:24:49","guid":{"rendered":"http:\/\/musikschule-blumenstrasse.de\/system\/?page_id=318"},"modified":"2015-03-14T21:19:48","modified_gmt":"2015-03-14T19:19:48","slug":"musikschule-in-koeln","status":"publish","type":"page","link":"http:\/\/musikschule-blumenstrasse.de\/system\/musikschule-in-koeln\/","title":{"rendered":"Musikschule  K\u00f6ln"},"content":{"rendered":"<h1>Musikschule in K\u00f6ln (Altstadt Nord)\u00a0 \/ gemeinsamer Unterricht<\/h1>\n<p><img loading=\"lazy\" decoding=\"async\" class=\"alignleft size-medium wp-image-229\" src=\"http:\/\/musikschule-blumenstrasse.de\/system\/wp-content\/uploads\/2014\/09\/Unterricht_4-300x199.jpg\" alt=\"Musikschule K\u00f6ln Altstadt Nord\" width=\"300\" height=\"199\" srcset=\"http:\/\/musikschule-blumenstrasse.de\/system\/wp-content\/uploads\/2014\/09\/Unterricht_4-300x199.jpg 300w, http:\/\/musikschule-blumenstrasse.de\/system\/wp-content\/uploads\/2014\/09\/Unterricht_4-450x300.jpg 450w, http:\/\/musikschule-blumenstrasse.de\/system\/wp-content\/uploads\/2014\/09\/Unterricht_4.jpg 800w\" sizes=\"auto, (max-width: 300px) 100vw, 300px\" \/><\/p>\n<p style=\"text-align: justify;\">\u00dcber den Einzel<strong>unterricht<\/strong> hinaus bieten wir in der <strong>Musikschule<\/strong> Blumenstra\u00dfe Ensembleunterricht und Workshops an und veranstalten regelm\u00e4\u00dfig Sch\u00fclerkonzerte, die von einer gro\u00dfen Vielfalt gepr\u00e4gt sind.<\/p>\n<p style=\"text-align: justify;\">Ein Beispiel f\u00fcr unsere Arbeit mit Kindern und Jugendlichen war das Projekt \u201eSuper-Heroes\u201c, bei dem wir \u00fcber Monate hinweg mit einem gemischten Ensemble aus Sch\u00fclern und Dozenten die Komposition \u201eSuper-Heroes\u201c von Ulrich Deppe probten, um sie dann im Oktober 2013 im K\u00f6lner Domforum mit gro\u00dfem Erfolg aufzuf\u00fchren.<\/p>\n<p style=\"text-align: justify;\">F\u00fcr uns steht \u00fcber den Leistungsanspruch hinaus der einzelne Sch\u00fcler mit seinen individuellen Bed\u00fcrfnissen und M\u00f6glichkeiten im Mittelpunkt. Das gilt f\u00fcr den kleinen Anf\u00e4nger genauso wie f\u00fcr den hochbegabten Jugendlichen oder den Erwachsenen, der durch das Musizieren seinen Alltag bereichern m\u00f6chte.<\/p>\n<p style=\"text-align: justify;\">Wir sind davon \u00fcberzeugt, dass wir in unserem famili\u00e4ren Betrieb diesem Anspruch besonders gut gerecht werden k\u00f6nnen.<\/p>\n<h2>Unsere Musikschule in K\u00f6ln freut sich\u00a0 auf Ihre Anfrage!<\/h2>\n<p style=\"margin-left: 320px; text-align: justify;\">\n","protected":false},"excerpt":{"rendered":"<p>Musikschule in K\u00f6ln (Altstadt Nord)\u00a0 \/ gemeinsamer Unterricht \u00dcber den Einzelunterricht hinaus bieten wir in der Musikschule Blumenstra\u00dfe Ensembleunterricht und Workshops an und veranstalten regelm\u00e4\u00dfig Sch\u00fclerkonzerte, die von einer gro\u00dfen Vielfalt gepr\u00e4gt sind. Ein Beispiel f\u00fcr unsere Arbeit mit Kindern <span class=\"excerpt-dots\">&hellip;<\/span> <a class=\"more-link\" href=\"http:\/\/musikschule-blumenstrasse.de\/system\/musikschule-in-koeln\/\"><span class=\"more-msg\">Weiterlesen &rarr;<\/span><\/a><\/p>\n","protected":false},"author":1,"featured_media":0,"parent":0,"menu_order":0,"comment_status":"closed","ping_status":"closed","template":"","meta":{"footnotes":""},"class_list":["post-318","page","type-page","status-publish","hentry"],"yoast_head":"<!-- This site is optimized with the Yoast SEO plugin v25.8 - https:\/\/yoast.com\/wordpress\/plugins\/seo\/ -->\n<title>Musikschule K\u00f6ln Altstadt Nord,<\/title>\n<meta name=\"description\" content=\"Musikschule K\u00f6ln Altstadt Nord\" \/>\n<meta name=\"robots\" content=\"index, follow, max-snippet:-1, max-image-preview:large, max-video-preview:-1\" \/>\n<link rel=\"canonical\" href=\"http:\/\/musikschule-blumenstrasse.de\/system\/musikschule-in-koeln\/\" \/>\n<meta property=\"og:locale\" content=\"de_DE\" \/>\n<meta property=\"og:type\" content=\"article\" \/>\n<meta property=\"og:title\" content=\"Musikschule K\u00f6ln Altstadt Nord,\" \/>\n<meta property=\"og:description\" content=\"Musikschule K\u00f6ln Altstadt Nord\" \/>\n<meta property=\"og:url\" content=\"http:\/\/musikschule-blumenstrasse.de\/system\/musikschule-in-koeln\/\" \/>\n<meta property=\"og:site_name\" content=\"Musikschule Blumenstrasse - K\u00f6ln\" \/>\n<meta property=\"article:modified_time\" content=\"2015-03-14T19:19:48+00:00\" \/>\n<meta property=\"og:image\" content=\"http:\/\/musikschule-blumenstrasse.de\/system\/wp-content\/uploads\/2014\/09\/Unterricht_4-300x199.jpg\" \/>\n<meta name=\"twitter:label1\" content=\"Gesch\u00e4tzte Lesezeit\" \/>\n\t<meta name=\"twitter:data1\" content=\"1\u00a0Minute\" \/>\n<script type=\"application\/ld+json\" class=\"yoast-schema-graph\">{\"@context\":\"https:\/\/schema.org\",\"@graph\":[{\"@type\":\"WebPage\",\"@id\":\"http:\/\/musikschule-blumenstrasse.de\/system\/musikschule-in-koeln\/\",\"url\":\"http:\/\/musikschule-blumenstrasse.de\/system\/musikschule-in-koeln\/\",\"name\":\"Musikschule K\u00f6ln Altstadt Nord,\",\"isPartOf\":{\"@id\":\"http:\/\/musikschule-blumenstrasse.de\/system\/#website\"},\"primaryImageOfPage\":{\"@id\":\"http:\/\/musikschule-blumenstrasse.de\/system\/musikschule-in-koeln\/#primaryimage\"},\"image\":{\"@id\":\"http:\/\/musikschule-blumenstrasse.de\/system\/musikschule-in-koeln\/#primaryimage\"},\"thumbnailUrl\":\"http:\/\/musikschule-blumenstrasse.de\/system\/wp-content\/uploads\/2014\/09\/Unterricht_4-300x199.jpg\",\"datePublished\":\"2015-03-11T22:24:49+00:00\",\"dateModified\":\"2015-03-14T19:19:48+00:00\",\"description\":\"Musikschule K\u00f6ln Altstadt Nord\",\"breadcrumb\":{\"@id\":\"http:\/\/musikschule-blumenstrasse.de\/system\/musikschule-in-koeln\/#breadcrumb\"},\"inLanguage\":\"de\",\"potentialAction\":[{\"@type\":\"ReadAction\",\"target\":[\"http:\/\/musikschule-blumenstrasse.de\/system\/musikschule-in-koeln\/\"]}]},{\"@type\":\"ImageObject\",\"inLanguage\":\"de\",\"@id\":\"http:\/\/musikschule-blumenstrasse.de\/system\/musikschule-in-koeln\/#primaryimage\",\"url\":\"http:\/\/musikschule-blumenstrasse.de\/system\/wp-content\/uploads\/2014\/09\/Unterricht_4.jpg\",\"contentUrl\":\"http:\/\/musikschule-blumenstrasse.de\/system\/wp-content\/uploads\/2014\/09\/Unterricht_4.jpg\",\"width\":800,\"height\":533},{\"@type\":\"BreadcrumbList\",\"@id\":\"http:\/\/musikschule-blumenstrasse.de\/system\/musikschule-in-koeln\/#breadcrumb\",\"itemListElement\":[{\"@type\":\"ListItem\",\"position\":1,\"name\":\"Home\",\"item\":\"http:\/\/musikschule-blumenstrasse.de\/system\/\"},{\"@type\":\"ListItem\",\"position\":2,\"name\":\"Musikschule K\u00f6ln\"}]},{\"@type\":\"WebSite\",\"@id\":\"http:\/\/musikschule-blumenstrasse.de\/system\/#website\",\"url\":\"http:\/\/musikschule-blumenstrasse.de\/system\/\",\"name\":\"Musikschule Blumenstrasse - K\u00f6ln\",\"description\":\"Ruth Miriam Rampini und Ulrich Deppe\",\"potentialAction\":[{\"@type\":\"SearchAction\",\"target\":{\"@type\":\"EntryPoint\",\"urlTemplate\":\"http:\/\/musikschule-blumenstrasse.de\/system\/?s={search_term_string}\"},\"query-input\":{\"@type\":\"PropertyValueSpecification\",\"valueRequired\":true,\"valueName\":\"search_term_string\"}}],\"inLanguage\":\"de\"}]}<\/script>\n<!-- \/ Yoast SEO plugin. -->","yoast_head_json":{"title":"Musikschule K\u00f6ln Altstadt Nord,","description":"Musikschule K\u00f6ln Altstadt Nord","robots":{"index":"index","follow":"follow","max-snippet":"max-snippet:-1","max-image-preview":"max-image-preview:large","max-video-preview":"max-video-preview:-1"},"canonical":"http:\/\/musikschule-blumenstrasse.de\/system\/musikschule-in-koeln\/","og_locale":"de_DE","og_type":"article","og_title":"Musikschule K\u00f6ln Altstadt Nord,","og_description":"Musikschule K\u00f6ln Altstadt Nord","og_url":"http:\/\/musikschule-blumenstrasse.de\/system\/musikschule-in-koeln\/","og_site_name":"Musikschule Blumenstrasse - K\u00f6ln","article_modified_time":"2015-03-14T19:19:48+00:00","og_image":[{"url":"http:\/\/musikschule-blumenstrasse.de\/system\/wp-content\/uploads\/2014\/09\/Unterricht_4-300x199.jpg","type":"","width":"","height":""}],"twitter_misc":{"Gesch\u00e4tzte Lesezeit":"1\u00a0Minute"},"schema":{"@context":"https:\/\/schema.org","@graph":[{"@type":"WebPage","@id":"http:\/\/musikschule-blumenstrasse.de\/system\/musikschule-in-koeln\/","url":"http:\/\/musikschule-blumenstrasse.de\/system\/musikschule-in-koeln\/","name":"Musikschule K\u00f6ln Altstadt Nord,","isPartOf":{"@id":"http:\/\/musikschule-blumenstrasse.de\/system\/#website"},"primaryImageOfPage":{"@id":"http:\/\/musikschule-blumenstrasse.de\/system\/musikschule-in-koeln\/#primaryimage"},"image":{"@id":"http:\/\/musikschule-blumenstrasse.de\/system\/musikschule-in-koeln\/#primaryimage"},"thumbnailUrl":"http:\/\/musikschule-blumenstrasse.de\/system\/wp-content\/uploads\/2014\/09\/Unterricht_4-300x199.jpg","datePublished":"2015-03-11T22:24:49+00:00","dateModified":"2015-03-14T19:19:48+00:00","description":"Musikschule K\u00f6ln Altstadt Nord","breadcrumb":{"@id":"http:\/\/musikschule-blumenstrasse.de\/system\/musikschule-in-koeln\/#breadcrumb"},"inLanguage":"de","potentialAction":[{"@type":"ReadAction","target":["http:\/\/musikschule-blumenstrasse.de\/system\/musikschule-in-koeln\/"]}]},{"@type":"ImageObject","inLanguage":"de","@id":"http:\/\/musikschule-blumenstrasse.de\/system\/musikschule-in-koeln\/#primaryimage","url":"http:\/\/musikschule-blumenstrasse.de\/system\/wp-content\/uploads\/2014\/09\/Unterricht_4.jpg","contentUrl":"http:\/\/musikschule-blumenstrasse.de\/system\/wp-content\/uploads\/2014\/09\/Unterricht_4.jpg","width":800,"height":533},{"@type":"BreadcrumbList","@id":"http:\/\/musikschule-blumenstrasse.de\/system\/musikschule-in-koeln\/#breadcrumb","itemListElement":[{"@type":"ListItem","position":1,"name":"Home","item":"http:\/\/musikschule-blumenstrasse.de\/system\/"},{"@type":"ListItem","position":2,"name":"Musikschule K\u00f6ln"}]},{"@type":"WebSite","@id":"http:\/\/musikschule-blumenstrasse.de\/system\/#website","url":"http:\/\/musikschule-blumenstrasse.de\/system\/","name":"Musikschule Blumenstrasse - K\u00f6ln","description":"Ruth Miriam Rampini und Ulrich Deppe","potentialAction":[{"@type":"SearchAction","target":{"@type":"EntryPoint","urlTemplate":"http:\/\/musikschule-blumenstrasse.de\/system\/?s={search_term_string}"},"query-input":{"@type":"PropertyValueSpecification","valueRequired":true,"valueName":"search_term_string"}}],"inLanguage":"de"}]}},"_links":{"self":[{"href":"http:\/\/musikschule-blumenstrasse.de\/system\/wp-json\/wp\/v2\/pages\/318","targetHints":{"allow":["GET"]}}],"collection":[{"href":"http:\/\/musikschule-blumenstrasse.de\/system\/wp-json\/wp\/v2\/pages"}],"about":[{"href":"http:\/\/musikschule-blumenstrasse.de\/system\/wp-json\/wp\/v2\/types\/page"}],"author":[{"embeddable":true,"href":"http:\/\/musikschule-blumenstrasse.de\/system\/wp-json\/wp\/v2\/users\/1"}],"replies":[{"embeddable":true,"href":"http:\/\/musikschule-blumenstrasse.de\/system\/wp-json\/wp\/v2\/comments?post=318"}],"version-history":[{"count":8,"href":"http:\/\/musikschule-blumenstrasse.de\/system\/wp-json\/wp\/v2\/pages\/318\/revisions"}],"predecessor-version":[{"id":382,"href":"http:\/\/musikschule-blumenstrasse.de\/system\/wp-json\/wp\/v2\/pages\/318\/revisions\/382"}],"wp:attachment":[{"href":"http:\/\/musikschule-blumenstrasse.de\/system\/wp-json\/wp\/v2\/media?parent=318"}],"curies":[{"name":"wp","href":"https:\/\/api.w.org\/{rel}","templated":true}]}}